 + 0*c. Let j(y) be the second derivative of a(y). What is j(1)?
0
Let d be 14/3 - 32/48. Let w be (-16)/((d/10)/((-4)/20)). Let a(h) = -h**3 + 9*h**2 - 9*h + 3. Calculate a(w).
-5
Let i = -9 + 2. Let g = i + 15. Suppose 2*v = g + 6. Let a(d) = d**2 - 5*d - 9. Determine a(v).
5
Let b(o) = 3*o**2 + 2*o + 5. Let f(x) = 11*x**2 + x + 17. Let i(v) = -4*b(v) + f(v). Let r = 11 - 18. Determine i(r).
-3
Suppose 0 = -5*m - 15 - 0. Let r(a) = 8 - 23*a - a**3 + 8 + 19*a + 0*a**2 - 15 - 3*a**2. Give r(m).
13
Suppose -4 = i, 4*i = -2*x + 9*i + 12. Suppose -5*g + 50 = -0*g. Let z = g + x. Let t(k) = k**2 - 6*k - 5. What is t(z)?
-5
Let j(u) = -9*u - 2. Suppose -3*b - 51 = -48. Calculate j(b).
7
Let t(n) be the first derivative of -n**2/2 + 11*n - 38. Calculate t(5).
6
Let p(q) = -46*q - 190. Let y be p(-4). Let i(f) = -f**3 - 6*f**2 - 4*f - 19. What is i(y)?
5
Let r(x) = x**2 + 2*x. Suppose -4 + 32 = 7*h. Let p = h - 7. Calculate r(p).
3
Let o(s) = s - 7. Let j = -9 - -11. Suppose -2*t - 3*t - 3*f + 145 = 0, -j*f + 36 = t. Let v = t + -19. Give o(v).
0
Suppose -6*q = -5*q. Suppose -a + 5*v + 27 = q, 26 = 5*a - 3*a - 3*v. Let m(b) = -b**3 + 8*b**2 - 7*b - 3. Determine m(a).
-3
Let o(b) be the second derivative of -b**3/2 + b**2/2 - b - 3. Determine o(-5).
16
Let s = -108 - -129. Suppose s*r = 17*r - 8. Let o(f) = -1. Let y(n) = 3*n - 1. Let a(l) = 2*o(l) - 2*y(l). What is a(r)?
12
Let y(x) = 5*x + 27. Let v be y(-5). Let a(j) = -6*j**3 - 1 + j + 14*j**3 - 8*j**3 + v*j**3. Determine a(1).
2
Let w(r) = -r - 3. Let p(g) = 14*g + 37. Let h(o) = -9*o - 24. Let q(i) = -8*h(i) - 5*p(i). Let f(b) = 2*q(b) + 5*w(b). What is f(3)?
-4
Let y(g) = g**3 - 2*g**2 - g - 1. Let v(z) = 7*z**3 - 23*z**2 - 6*z - 18. Let j(f) = -v(f) + 6*y(f). Calculate j(11).
12
Let d be 136/40 - (0 + 4/10). Suppose 4 = -8*i + 10*i. Let s(f) = 2*f**3 - 1 - f**d - f**2 + 7 + 5*f**i + 3*f. Calculate s(-4).
-6
Let v be (1 - 1)*(-2)/(-4). Let q(m) = 2*m - 76. Let u(h) = 5*h - 204. Let f(y) = 8*q(y) - 3*u(y). Determine f(v).
4
Suppose -21*o - 31 = -367. Let z(w) = w**2 - 19*w + 40. Calculate z(o).
-8
Let j = -134 + 133. Let k(g) = 6*g**3 + 1. Give k(j).
-5
Let z(d) = 15*d + 6 - d**2 - 2*d - 18*d. Calculate z(-6).
0
Let o(m) be the first derivative of 2*m**2 + 11*m - 75. Calculate o(-5).
-9
Let a be 1*(6/3)/2. Let h(y) = -y + 6. Let m(n) = n**2 - n + 1. Let c(b) = a*h(b) - 4*m(b). Calculate c(3).
-25
Suppose -2*k + 15 = 3. Let a(s) = -s**3 - k + 6*s + 4 + 8 - 4*s**2. Calculate a(-5).
1
Let d(v) = -3*v + 4. Let j(y) = -2*y**2 - 27*y - 86. Let b be j(-8). Give d(b).
-2
Let c(a) = -a**3 - 4*a**2 - 3*a + 4. Let l be c(-2). Let b(m) = 15*m - 10*m - m - 9*m + m**2 + l. Let t(q) = -q**2 + 5*q + 5. Let u be t(5). What is b(u)?
2
Let r(l) = -12*l**3 - l**2 + 4 - 2*l**2 + 13*l**3 + l. Let y be r(3). Suppose 0 = -y*d + d + 6. Let c(n) = 11*n**3 + n**2 + n - 1. Determine c(d).
12
Let j(r) be the third derivative of 0 - 1/12*r**4 + 0*r - 1/6*r**3 - 7*r**2. What is j(1)?
-3
Let s be (4/(-4))/(1/6). Let j(y) = -y - 3. Let b be j(s). Let d(p) be the first derivative of p**2/2 - p + 13. Calculate d(b).
2
Let b(d) = d**2 - 6*d - 8. Let c be b(8). Suppose 0 = -2*f - 2*f - 3*t + 2, -f - 5*t - c = 0. Let j(r) = -2 + 5*r - f + 0*r - 6*r. Give j(-5).
1
Let h(o) = 4*o - 5. Let b(x) = x**3 + 5*x**2 - 8*x - 8. Let g be b(-6). Suppose g*m + 8*m = 60. What is h(m)?
15
Suppose 62*t = 66*t - 16. Let x(s) be the second derivative of -4/3*s**3 + 0 - 2/3*s**t - 1/20*s**5 - 2*s - 9/2*s**2. What is x(-7)?
-2
Let k be 4/(-2)*(5 - 30/5). Let x(p) = -4 - 4*p - 31*p**k + 32*p**2 + p. Determine x(5).
6
Let z(v) = 3*v**2 - 9*v - 2. Let b be ((1 - -5) + -2)/1. Determine z(b).
10
Let h(t) = -3 + 5 - 2 + t. Suppose -13*b + 12*b = -2*m - 15, -4*m - 4*b = 24. What is h(m)?
-7
Let v(g) = -g**2 - 8*g + 6. Let u be -2*6/(-2)*-3. Let p be 13 - 2/(-4)*-6. Let o = p + u. What is v(o)?
6
Let w(v) be the third derivative of v**5/60 + v**4/12 - 2*v**3/3 + 6*v**2. Suppose -18*r + 0 = -54. Calculate w(r).
11
Let j(t) = 3*t**2 + 7*t - 7. Let w(g) = -46*g - 137. Let m be w(-3). Calculate j(m).
3
Let g(w) = -w**2 - 7*w - 9. Suppose -2*h - 2 - 10 = 0. Let u be g(h). Let l(j) = 3*j + 6. Let q be l(u). Let n(d) = d**3 + 4*d**2 + d + 2. Calculate n(q).
8
Let c(f) = f**3 - 7*f**2 + 5*f + 4. Let d = -821 + 827. Calculate c(d).
-2
Let i(w) be the first derivative of -w**4/4 + 2*w**3/3 - w**2 - 2*w + 72. Give i(2).
-6
Let c(w) be the first derivative of 13 - 1/3*w**3 - 3*w**2 - 7*w. Suppose -3*i - 19 = -4. Calculate c(i).
-2
Let s be 3/(3/(-2)) - -6. Let z be (-2 - -2)*2/6. Let d(k) = z*k - 5*k + 0*k + 5*k**2 - k**3. Calculate d(s).
-4
Let d(g) = -g**2 + 6*g + 1. Let q be 6 - (-2 + 9)/(-7). Give d(q).
-6
Suppose 13*h = 11*h + 8. Let t(f) be the second derivative of -f**3/6 - f**2 + 4*f. Give t(h).
-6
Let a(f) = -6*f - 1. Let y be ((-1)/2)/(3/(-6)). Let m(l) = -1 - l + 2*l + y. Let u(t) = 2*a(t) + 10*m(t). Give u(-4).
6
Let t(f) = 4*f - 7. Suppose -4*v - 2*a - 18 = 0, 0 = 2*v + 3*a - 4*a + 19. Give t(v).
-35
Suppose -20 - 15 = 5*x - w, -5*x - 5 = 5*w. Let u be x*6/45*-5. Suppose 2*o - 3*i + 2 = 9, 0 = 4*i - u. Let d(f) = f**3 - 6*f**2 + 5*f + 6. Determine d(o).
6
Let f(i) = -14*i**2 + 9*i + 32*i**2 - 17*i**2. Suppose 0 = 2*y + l + 21, -4*y + 4*l = -3*y - 12. Calculate f(y).
-8
Let m(t) = t - 1. Let b = 118 - 115. Determine m(b).
2
Let d be 13/39 - (-2 + (-50)/(-6)). Let q(y) = -y**2 - 6*y + 4. What is q(d)?
4
Let b = 2 - 0. Let c(d) = d - 1. Let s(u) = -u**2 - 4*u + 5. Let p(h) = 2*c(h) + s(h). Let f be p(b). Let n(w) = -w - 1. What is n(f)?
4
Let k(a) = -2*a**3 - 85*a**2 - 39*a + 130. Let u be k(-42). Let c(b) = -b - 2. Give c(u).
-6
Let l(t) = t**3 - 4*t**2 - 5*t + 3. Suppose -2*o - 7 = -2*h + o, 4 = 4*o. Suppose -h*u + 10 = -15. Calculate l(u).
3
Let s = -942 + 935. Let a(l) = -l**2 - 7*l + 8. Give a(s).
8
Let z(b) = b**2 + 2*b - 6. Let u(c) = c**2 + 8*c + 18. Let d be u(-6). Give z(d).
42
Suppose -3*r = -w - 4 + 16, 3*w - 26 = 4*r. Let h(b) = -4*b**2 - 5*b + 19. Let n(p) = p**2 + 2*p - 6. Let t(z) = -2*h(z) - 7*n(z). Calculate t(w).
16
Let a(w) be the second derivative of w**4/12 - 7*w**3/6 + 3*w**2/2 + w. What is a(8)?
11
Let y(v) = -16*v + 2. Suppose 0 = 4*b + 4*h - 12, -5*b - h + 5 = -6. Calculate y(b).
-30
Let j(x) = -21*x + 83. Let l(q) = 4*q - 16. Let y(z) = -2*j(z) - 11*l(z). Determine y(7).
-4
Let i be -4 + 2 - (-8)/(-3 + 1). Let z(l) = 2*l**2 + 21*l + 9. Let f(w) = 3*w**2 + 32*w + 13. Let m(r) = -5*f(r) + 8*z(r). Give m(i).
-5
Let h(l) = -l**2 + 18*l + 5. Let q(a) = 2*a + 1. Let v(z) = -h(z) + 5*q(z). Determine v(8).
0
Let w(p) = -p**3 - 6*p**2 - 2*p - 7. Suppose -5*k + 87 + 3 = 0. Suppose -5*v - 3*z = k, -2*z + 21 = -4*v - 11. Let m be w(v). Let s(b) = b - 2. Calculate s(m).
3
Let t be (16 - (8 - 4)) + -4. Suppose t*q + 25 = 13*q. Let l(z) be the first derivative of -z**2 + 4*z + 9. Calculate l(q).
-6
Let a(i) be the second derivative of -2*i**3/3 - 13*i**2 - 12*i + 2. Give a(-6).
-2
Suppose -2*p = -9 - 3. Suppose -2*v - 8 - p = 0. Let n = 4 + v. Let a(x) = x**3 + x**2 - 5*x - 2. Calculate a(n).
-5
Let o be (-3)/6 - (-69)/2. Let w = -311 - -338. Let b = o - w. Let m(f) = -f**2 + 7*f - 3. What is m(b)?
-3
Let u(g) = g - 9 + 6 - 9*g**2 + 2. Let t(r) = 5*r**2 + 1. Suppose b + 2*b = -21. Let v(j) = b*t(j) - 4*u(j). Give v(5).
2
Let q = -10 + 16. Suppose 5*x = -35 + 10. Let v(y) = -2*y**2 + 8*y + 10. Let b(i) = 3*i**2 - 12*i - 15. Let z(h) = x*b(h) - 8*v(h). Give z(q).
7
Let i(o) = -16*o + 17*o - 19*o + 4*o**2 - 1 - 6*o. What is i(6)?
-1
Let d(v) = 341*v + 11 + 334*v - 678*v. Determine d(12).
-25
Let z(u) be the first derivative of 29 - 1/3*u**3 - 9*u - 4*u**2. Give z(-7).
-2
Let s(x) = x + 18. Let b be s(-14). Suppose 15 = -3*j + y + b*y, -2*y + 6 = j. Let p(z) = -z**3 + z - 6. Determine p(j).
-6
Let m(t) = -2*t - 15. Let c(q) = -3*q - 23. Suppose -4*f + 0*f = 32. Let w(i) = f*m(i) + 5*c(i). What is w(5)?
10
Suppose c + 2*k = 16, k - 24 = -c - 3*k. Let j(g) = 14*g**2 + 12*g - 12. Let i(u) = -5*u**2 - 4*u + 4. Let l(q) = c*i(q) + 3*j(q). What is l(-4)?
12
Let v(q) be the second derivative of 5*q**3/3 - 2*q**2 - 20*q + 36. Let n = -4 + 7. What is v(n)?
26
Let h be (-44)/10 + 2/5. Let f(j) be the third derivative of j**6/120 + j**5/10 + j**4/6 - 9*j**2. C